{"id":1683,"date":"2025-01-14T20:20:17","date_gmt":"2025-01-14T20:20:17","guid":{"rendered":"https:\/\/preview.treethemes.com\/pine\/onepage1\/?page_id=1683"},"modified":"2026-01-05T19:24:31","modified_gmt":"2026-01-05T19:24:31","slug":"what-we-do","status":"publish","type":"page","link":"https:\/\/lexpertisepatrimoniale.be\/index.php\/what-we-do\/","title":{"rendered":"Qui sommes-nous ?"},"content":{"rendered":"<div class=\"wpb-content-wrapper\"><p>[vc_row equal_height=\u00a0\u00bbyes\u00a0\u00bb content_placement=\u00a0\u00bbmiddle\u00a0\u00bb css_animation=\u00a0\u00bbnone\u00a0\u00bb bg_type=\u00a0\u00bbimage\u00a0\u00bb parallax_style=\u00a0\u00bbvcpb-default\u00a0\u00bb bg_image_new=\u00a0\u00bbid^15|url^https:\/\/preview.treethemes.com\/pine\/maindemo\/wp-content\/uploads\/sites\/2\/2025\/01\/home-pine.jpg|caption^null|alt^null|title^home-pine|description^null\u00a0\u00bb bg_image_repeat=\u00a0\u00bbno-repeat\u00a0\u00bb bg_override=\u00a0\u00bbex-full\u00a0\u00bb enable_overlay=\u00a0\u00bbenable_overlay_value\u00a0\u00bb overlay_color=\u00a0\u00bbrgba(17,17,17,0.86)\u00a0\u00bb el_class=\u00a0\u00bbwide-ipad\u00a0\u00bb][vc_column css_animation=\u00a0\u00bbfadeInUp\u00a0\u00bb]<div class=\"ult-spacer spacer-69ea4fd6bc050\" data-id=\"69ea4fd6bc050\" data-height=\"150\" data-height-mobile=\"100\" data-height-tab=\"\" data-height-tab-portrait=\"120\" data-height-mobile-landscape=\"100\" style=\"clear:both;display:block;\"><\/div><div id=\"ultv-4685\" class=\"ult-dual-color ult-adjust-bottom-margin ult-dual-color-responsive-none ultv-4685  \"><div class=\"ult-module-content ult-dual-color-heading\" style=\"text-align:center;\">\n\t\t\t\t\t\t<h2><span class=\"ult-before-heading\">\n\t\t\t\t\t\t\t\t\t<span class=\"ult-dual-heading-text ult-first-text ult-responsive\"  data-ultimate-target='.ult-dual-color.ultv-4685 .ult-dual-heading-text'  data-responsive-json-new='{\"font-size\":\"\",\"line-height\":\"\"}'  style=\"color:#ffffff;     border:none; font-weight:normal;\">Qui sommes-nous ?<\/span>\n\t\t\t\t\t\t\t\t<\/span><span class=\"ult-adv-heading\" style=\"\">\n\t\t\t\t\t\t\t\t\t<span class=\"ult-dual-adv-heading-text ult-highlight-text ult-responsive\"  data-ultimate-target='.ult-dual-color.ultv-4685 .ult-highlight-text'  data-responsive-json-new='{\"font-size\":\"\",\"line-height\":\"\"}'  style=\"color:#ffffff;     border:none; font-weight:normal;\"><\/span>\n\t\t\t\t\t\t\t\t<\/span><\/h2> <\/div><\/div><div class=\"ult-spacer spacer-69ea4fd6bc0b6\" data-id=\"69ea4fd6bc0b6\" data-height=\"35\" data-height-mobile=\"15\" data-height-tab=\"35\" data-height-tab-portrait=\"35\" data-height-mobile-landscape=\"15\" style=\"clear:both;display:block;\"><\/div>[vc_row_inner][vc_column_inner width=\u00a0\u00bb1\/6&Prime;][\/vc_column_inner][vc_column_inner width=\u00a0\u00bb2\/3&Prime;][vc_column_text css=\u00a0\u00bb\u00a0\u00bb]<span style=\"color: #ffffff;\"><strong>L\u2019Expertise Patrimoniale<\/strong> est n\u00e9e de la volont\u00e9 d\u2019offrir une alternative humaine, r\u00e9active et transparente dans la gestion des copropri\u00e9t\u00e9s.<\/span><\/p>\n<p>&nbsp;<\/p>\n<p><span style=\"color: #ffffff;\">Fort de plus de 10 ans dans le m\u00e9tier de syndic et gestionnaire de patrimoine. Nous sommes une \u00e9quipe \u00e0 taille humaine, compos\u00e9e de professionnels exp\u00e9riment\u00e9s et passionn\u00e9s par leur m\u00e9tier.<\/span><\/p>\n<p>&nbsp;<\/p>\n<p><span style=\"color: #ffffff;\">Notre objectif : accompagner les copropri\u00e9t\u00e9s avec rigueur, \u00e9coute et proximit\u00e9.<\/span><\/p>\n<p>&nbsp;<\/p>\n<p><span style=\"color: #ffffff;\"><strong>Demandez une offre gratuite (0499\/47 64 94)<\/strong> ou prenez rendez-vous avec notre \u00e9quipe (via l\u2019adresse : amaury@lexpertisepatrimoniale.be) !<\/span>[\/vc_column_text][\/vc_column_inner][vc_column_inner width=\u00a0\u00bb1\/6&Prime;][\/vc_column_inner][\/vc_row_inner]<div class=\"ult-spacer spacer-69ea4fd6bc0c0\" data-id=\"69ea4fd6bc0c0\" data-height=\"30\" data-height-mobile=\"30\" data-height-tab=\"30\" data-height-tab-portrait=\"30\" data-height-mobile-landscape=\"30\" style=\"clear:both;display:block;\"><\/div>[\/vc_column][\/vc_row][vc_row bg_type=\u00a0\u00bbbg_color\u00a0\u00bb bg_override=\u00a0\u00bbex-full\u00a0\u00bb ult_hide_row=\u00a0\u00bbult_hide_row_value\u00a0\u00bb ult_hide_row_tablet_small=\u00a0\u00bbxs_tablet\u00a0\u00bb el_class=\u00a0\u00bbservices-push-up\u00a0\u00bb bg_color_value=\u00a0\u00bbrgba(255,255,255,0.01)\u00a0\u00bb][vc_column css_animation=\u00a0\u00bbnone\u00a0\u00bb]<div class=\"ult-spacer spacer-69ea4fd6bc0ca\" data-id=\"69ea4fd6bc0ca\" data-height=\"30\" data-height-mobile=\"40\" data-height-tab=\"30\" data-height-tab-portrait=\"30\" data-height-mobile-landscape=\"40\" style=\"clear:both;display:block;\"><\/div><div class=\"ult-spacer spacer-69ea4fd6bc0d2\" data-id=\"69ea4fd6bc0d2\" data-height=\"30\" data-height-mobile=\"40\" data-height-tab=\"30\" data-height-tab-portrait=\"30\" data-height-mobile-landscape=\"40\" style=\"clear:both;display:block;\"><\/div>[\/vc_column][\/vc_row][vc_row][vc_column]<div class=\"ult-spacer spacer-69ea4fd6bc0db\" data-id=\"69ea4fd6bc0db\" data-height=\"100\" data-height-mobile=\"80\" data-height-tab=\"80\" data-height-tab-portrait=\"80\" data-height-mobile-landscape=\"80\" style=\"clear:both;display:block;\"><\/div>[\/vc_column][\/vc_row][vc_row equal_height=\u00a0\u00bbyes\u00a0\u00bb content_placement=\u00a0\u00bbmiddle\u00a0\u00bb css_animation=\u00a0\u00bbfadeInUp\u00a0\u00bb el_class=\u00a0\u00bbwide-ipad\u00a0\u00bb][vc_column css_animation=\u00a0\u00bbfadeInUp\u00a0\u00bb]<div class=\"ult-spacer spacer-69ea4fd6bc0e2\" data-id=\"69ea4fd6bc0e2\" data-height=\"25\" data-height-mobile=\"15\" data-height-tab=\"\" data-height-tab-portrait=\"\" data-height-mobile-landscape=\"15\" style=\"clear:both;display:block;\"><\/div><div class=\"ult-content-box-container \" >\t\t<div class=\"ult-content-box\" style=\"box-shadow: px px px px none;margin-right:80px;-webkit-transition: all 700ms ease;-moz-transition: all 700ms ease;-ms-transition: all 700ms ease;-o-transition: all 700ms ease;transition: all 700ms ease;\"  data-hover_box_shadow=\"none\"   data-responsive_margins=\"margin:0px;\"   data-normal_margins=\"margin-right:80px;\"  >[vc_row_inner][vc_column_inner][\/vc_column_inner]<div id=\"ultv-2609\" class=\"ult-dual-color ult-adjust-bottom-margin ult-dual-color-responsive-none ultv-2609 mark-decoration-5 \"><div class=\"ult-module-content ult-dual-color-heading\" style=\"text-align:left;\">\n\t\t\t\t\t\t<h3><span class=\"ult-before-heading\">\n\t\t\t\t\t\t\t\t\t<span class=\"ult-dual-heading-text ult-first-text ult-responsive\"  data-ultimate-target='.ult-dual-color.ultv-2609 .ult-dual-heading-text'  data-responsive-json-new='{\"font-size\":\"desktop:46px;tablet_portrait:40px;mobile_landscape:40px;mobile:36px;\",\"line-height\":\"desktop:50px;tablet_portrait:50px;mobile_landscape:50px;mobile:46px;\"}'  style=\"color:#111111;     border:none; font-family:&#039;Plus Jakarta Sans&#039;;font-weight:600;\">Une \u00e9quipe proche de vous, impliqu\u00e9e dans chaque mission<\/span>\n\t\t\t\t\t\t\t\t<\/span><span class=\"ult-adv-heading\" style=\"\">\n\t\t\t\t\t\t\t\t\t<span class=\"ult-dual-adv-heading-text ult-highlight-text ult-responsive\"  data-ultimate-target='.ult-dual-color.ultv-2609 .ult-highlight-text'  data-responsive-json-new='{\"font-size\":\"desktop:46px;tablet_portrait:40px;mobile_landscape:40px;mobile:36px;\",\"line-height\":\"desktop:50px;tablet_portrait:50px;mobile_landscape:50px;mobile:46px;\"}'  style=\"color:#111111;     border:none; font-family:&#039;Plus Jakarta Sans&#039;;font-weight:600;\"><\/span>\n\t\t\t\t\t\t\t\t<\/span><\/h3> <\/div><\/div>[vc_custom_heading text=\u00a0\u00bbL&rsquo;Expertise Patrimoniale est votre syndic de copropri\u00e9t\u00e9 et votre gestionnaire de patrimoine de confiance.<\/p>\n<p>Professionnalisme, transparence et r\u00e9activit\u00e9 au service de votre copropri\u00e9t\u00e9 et votre patrimoine.<\/p>\n<p>Une gestion compl\u00e8te et personnalis\u00e9e de votre patrimoine immobilier\u00a0\u00bb font_container=\u00a0\u00bbtag:p|text_align:left\u00a0\u00bb use_theme_fonts=\u00a0\u00bbyes\u00a0\u00bb css=\u00a0\u00bb\u00a0\u00bb][\/vc_row_inner]\t\t<\/div><\/div><div class=\"ult-spacer spacer-69ea4fd6bc1ab\" data-id=\"69ea4fd6bc1ab\" data-height=\"50\" data-height-mobile=\"50\" data-height-tab=\"50\" data-height-tab-portrait=\"50\" data-height-mobile-landscape=\"50\" style=\"clear:both;display:block;\"><\/div>[\/vc_column][\/vc_row][vc_row bg_type=\u00a0\u00bbimage\u00a0\u00bb parallax_style=\u00a0\u00bbvcpb-default\u00a0\u00bb bg_image_new=\u00a0\u00bbid^263|url^https:\/\/preview.treethemes.com\/pine\/maindemo\/wp-content\/uploads\/sites\/2\/2025\/01\/section-bg-gradient.jpg|caption^null|alt^null|title^section-bg-gradient|description^null\u00a0\u00bb bg_image_repeat=\u00a0\u00bbno-repeat\u00a0\u00bb bg_override=\u00a0\u00bbex-full\u00a0\u00bb css=\u00a0\u00bb.vc_custom_1736266447251{padding-top: 100px !important;padding-bottom: 100px !important;}\u00a0\u00bb][vc_column css_animation=\u00a0\u00bbfadeInUp\u00a0\u00bb width=\u00a0\u00bb1\/2&Prime;][vc_row_inner][vc_column_inner width=\u00a0\u00bb5\/6&Prime;]<div id=\"ultv-4647\" class=\"ult-dual-color ult-adjust-bottom-margin ult-dual-color-responsive-none ultv-4647 mark-decoration-5 \"><div class=\"ult-module-content ult-dual-color-heading\" style=\"text-align:left;\">\n\t\t\t\t\t\t<h3><span class=\"ult-before-heading\">\n\t\t\t\t\t\t\t\t\t<span class=\"ult-dual-heading-text ult-first-text ult-responsive\"  data-ultimate-target='.ult-dual-color.ultv-4647 .ult-dual-heading-text'  data-responsive-json-new='{\"font-size\":\"desktop:46px;tablet_portrait:40px;mobile_landscape:40px;mobile:36px;\",\"line-height\":\"desktop:50px;tablet_portrait:50px;mobile_landscape:50px;mobile:46px;\"}'  style=\"color:#ffffff;     border:none; font-weight:normal;\">Notre vision : ``Le Savoir-Faire et le Faire-Savoir``<\/span>\n\t\t\t\t\t\t\t\t<\/span><span class=\"ult-adv-heading\" style=\"\">\n\t\t\t\t\t\t\t\t\t<span class=\"ult-dual-adv-heading-text ult-highlight-text ult-responsive\"  data-ultimate-target='.ult-dual-color.ultv-4647 .ult-highlight-text'  data-responsive-json-new='{\"font-size\":\"desktop:46px;tablet_portrait:40px;mobile_landscape:40px;mobile:36px;\",\"line-height\":\"desktop:50px;tablet_portrait:50px;mobile_landscape:50px;mobile:46px;\"}'  style=\"color:#ffffff;     border:none; font-weight:normal;\"><\/span>\n\t\t\t\t\t\t\t\t<\/span><\/h3> <\/div><\/div>[\/vc_column_inner][vc_column_inner width=\u00a0\u00bb1\/6&Prime;][\/vc_column_inner][\/vc_row_inner]<div class=\"ult-spacer spacer-69ea4fd6bc1da\" data-id=\"69ea4fd6bc1da\" data-height=\"20\" data-height-mobile=\"20\" data-height-tab=\"20\" data-height-tab-portrait=\"20\" data-height-mobile-landscape=\"20\" style=\"clear:both;display:block;\"><\/div><div class=\"ult-content-box-container \" >\t\t<div class=\"ult-content-box\" style=\"box-shadow: px px px px none;margin-right:100px;-webkit-transition: all 700ms ease;-moz-transition: all 700ms ease;-ms-transition: all 700ms ease;-o-transition: all 700ms ease;transition: all 700ms ease;\"  data-hover_box_shadow=\"none\"    data-normal_margins=\"margin-right:100px;\"  >[vc_custom_heading text=\u00a0\u00bb\ud83d\udccd Bas\u00e9s \u00e0 Gosselies et \u00e0 Nivelles, nous g\u00e9rons aujourd\u2019hui des copropri\u00e9t\u00e9s de toutes tailles, et dans des contextes vari\u00e9s.\u00a0\u00bb font_container=\u00a0\u00bbtag:p|text_align:left|color:%23ffffff\u00a0\u00bb use_theme_fonts=\u00a0\u00bbyes\u00a0\u00bb css=\u00a0\u00bb\u00a0\u00bb]\t\t<\/div><\/div><div class=\"ult-spacer spacer-69ea4fd6bc1fe\" data-id=\"69ea4fd6bc1fe\" data-height=\"40\" data-height-mobile=\"20\" data-height-tab=\"40\" data-height-tab-portrait=\"20\" data-height-mobile-landscape=\"20\" style=\"clear:both;display:block;\"><\/div>[vc_empty_space height=\u00a0\u00bb30px\u00a0\u00bb][\/vc_column][vc_column width=\u00a0\u00bb1\/2&Prime;][\/vc_column][\/vc_row]<\/p>\n<\/div>","protected":false},"excerpt":{"rendered":"<p>[vc_row equal_height=\u00a0\u00bbyes\u00a0\u00bb content_placement=\u00a0\u00bbmiddle\u00a0\u00bb css_animation=\u00a0\u00bbnone\u00a0\u00bb bg_type=\u00a0\u00bbimage\u00a0\u00bb parallax_style=\u00a0\u00bbvcpb-default\u00a0\u00bb bg_image_new=\u00a0\u00bbid^15|url^https:\/\/preview.treethemes.com\/pine\/maindemo\/wp-content\/uploads\/sites\/2\/2025\/01\/home-pine.jpg|caption^null|alt^null|title^home-pine|description^null\u00a0\u00bb bg_image_repeat=\u00a0\u00bbno-repeat\u00a0\u00bb bg_override=\u00a0\u00bbex-full\u00a0\u00bb enable_overlay=\u00a0\u00bbenable_overlay_value\u00a0\u00bb overlay_color=\u00a0\u00bbrgba(17,17,17,0.86)\u00a0\u00bb el_class=\u00a0\u00bbwide-ipad\u00a0\u00bb][vc_column css_animation=\u00a0\u00bbfadeInUp\u00a0\u00bb][vc_row_inner][vc_column_inner width=\u00a0\u00bb1\/6&Prime;][\/vc_column_inner][vc_column_inner width=\u00a0\u00bb2\/3&Prime;][vc_column_text css=\u00a0\u00bb\u00a0\u00bb]L\u2019Expertise Patrimoniale est n\u00e9e de la volont\u00e9 d\u2019offrir une alternative humaine, r\u00e9active et transparente dans la gestion des copropri\u00e9t\u00e9s. &nbsp; Fort de plus de 10 ans dans le m\u00e9tier de syndic et gestionnaire de patrimoine. Nous sommes une \u00e9quipe \u00e0 [&hellip;]<\/p>\n","protected":false},"author":2,"featured_media":0,"parent":0,"menu_order":0,"comment_status":"closed","ping_status":"closed","template":"one-page-template.php","meta":{"footnotes":""},"class_list":["post-1683","page","type-page","status-publish","hentry"],"_links":{"self":[{"href":"https:\/\/lexpertisepatrimoniale.be\/index.php\/wp-json\/wp\/v2\/pages\/1683","targetHints":{"allow":["GET"]}}],"collection":[{"href":"https:\/\/lexpertisepatrimoniale.be\/index.php\/wp-json\/wp\/v2\/pages"}],"about":[{"href":"https:\/\/lexpertisepatrimoniale.be\/index.php\/wp-json\/wp\/v2\/types\/page"}],"author":[{"embeddable":true,"href":"https:\/\/lexpertisepatrimoniale.be\/index.php\/wp-json\/wp\/v2\/users\/2"}],"replies":[{"embeddable":true,"href":"https:\/\/lexpertisepatrimoniale.be\/index.php\/wp-json\/wp\/v2\/comments?post=1683"}],"version-history":[{"count":24,"href":"https:\/\/lexpertisepatrimoniale.be\/index.php\/wp-json\/wp\/v2\/pages\/1683\/revisions"}],"predecessor-version":[{"id":1853,"href":"https:\/\/lexpertisepatrimoniale.be\/index.php\/wp-json\/wp\/v2\/pages\/1683\/revisions\/1853"}],"wp:attachment":[{"href":"https:\/\/lexpertisepatrimoniale.be\/index.php\/wp-json\/wp\/v2\/media?parent=1683"}],"curies":[{"name":"wp","href":"https:\/\/api.w.org\/{rel}","templated":true}]}}